 of 1063?
1
What is the ten thousands digit of 68153?
6
What is the tens digit of 11993?
9
What is the units digit of 3619?
9
What is the units digit of 1258?
8
What is the units digit of 695?
5
What is the thousands digit of 6559?
6
What is the ten thousands digit of 10969?
1
What is the units digit of 657?
7
What is the thousands digit of 1824?
1
What is the units digit of 3942?
2
What is the units digit of 8217?
7
What is the thousands digit of 1836?
1
What is the units digit of 1461?
1
What is the units digit of 607?
7
What is the ten thousands digit of 38664?
3
What is the thousands digit of 7678?
7
What is the tens digit of 2655?
5
What is the thousands digit of 6435?
6
What is the units digit of 83990?
0
What is the hundreds digit of 73461?
4
What is the units digit of 100633?
3
What is the tens digit of 89901?
0
What is the hundreds digit of 137435?
4
What is the units digit of 1250?
0
What is the thousands digit of 21971?
1
What is the units digit of 500?
0
What is the units digit of 85172?
2
What is the hundreds digit of 1368?
3
What is the hundreds digit of 1570?
5
What is the thousands digit of 3316?
3
What is the hundreds digit of 1153?
1
What is the hundreds digit of 1115?
1
What is the tens digit of 765?
6
What is the tens digit of 1278?
7
What is the thousands digit of 5008?
5
What is the hundreds digit of 434?
4
What is the tens digit of 88445?
4
What is the tens digit of 1963?
6
What is the hundred thousands digit of 186252?
1
What is the units digit of 4776?
6
What is the hundreds digit of 201?
2
What is the units digit of 754?
4
What is the tens digit of 2324?
2
What is the hundreds digit of 10301?
3
What is the units digit of 4140?
0
What is the thousands digit of 54514?
4
What is the tens digit of 13295?
9
What is the tens digit of 26532?
3
What is the tens digit of 82182?
8
What is the units digit of 1200?
0
What is the tens digit of 101888?
8
What is the hundreds digit of 367?
3
What is the thousands digit of 13071?
3
What is the units digit of 32310?
0
What is the hundreds digit of 4388?
3
What is the ten thousands digit of 18198?
1
What is the ten thousands digit of 103264?
0
What is the tens digit of 122?
2
What is the tens digit of 49047?
4
What is the ten thousands digit of 67487?
6
What is the thousands digit of 1386?
1
What is the thousands digit of 2379?
2
What is the units digit of 3036?
6
What is the hundreds digit of 61660?
6
What is the ten thousands digit of 56790?
5
What is the thousands digit of 2794?
2
What is the thousands digit of 3287?
3
What is the tens digit of 24986?
8
What is the tens digit of 6289?
8
What is the units digit of 55?
5
What is the hundreds digit of 40888?
8
What is the hundreds digit of 351?
3
What is the units digit of 5537?
7
What is the units digit of 319?
9
What is the units digit of 191?
1
What is the hundreds digit of 94656?
6
What is the ten thousands digit of 54396?
5
What is the hundreds digit of 347?
3
What is the hundreds digit of 992?
9
What is the tens digit of 10792?
9
What is the tens digit of 169454?
5
What is the thousands digit of 1416?
1
What is the thousands digit of 1400?
1
What is the ten thousands digit of 15019?
1
What is the ten thousands digit of 21430?
2
What is the thousands digit of 3554?
3
What is the ten thousands digit of 72612?
7
What is the tens digit of 755?
5
What is the units digit of 3870?
0
What is the tens digit of 719?
1
What is the thousands digit of 54426?
4
What is the tens digit of 1755?
5
What is the units digit of 3497?
7
What is the hundreds digit of 13210?
2
What is the units digit of 1446?
6
What is the ten thousands digit of 19787?
1
What is the units digit of 1305?
5
What is the units digit of 575?
5
What is the hundreds digit of 6426?
4
What is the thousands digit of 1886?
1
What is the hundreds digit of 13843?
8
What is the units digit of 6027?
7
What is the units digit of 64126?
6
What is the units digit of 6460?
0
What is the hundreds digit of 362?
3
What is the hundreds digit of 508?
5
What is the tens digit of 56403?
0
What is the tens digit of 30094?
9
What is the thousands digit of 1322?
1
What is the hundreds digit of 4082?
0
What is the hundreds digit of 3202?
2
What is the units digit of 15609?
9
What is the thousands digit of 6826?
6
What is the tens digit of 2215?
1
What is the thousands digit of 16317?
6
What is the hundreds digit of 874?
8
What is the tens digit of 5558?
5
What is the hundreds digit of 375?
3
What is the tens digit of 1116?
1
What is the units digit of 178398?
8
What is the ten thousands digit of 58698?
5
What is the units digit of 3706?
6
What is the tens digit of 18565?
6
What is the thousands digit of 24437?
4
What is the units digit of 6911?
1
What is the tens digit of 997?
9
What is the units digit of 44?
4
What is the hundreds digit of 6161?
1
What is the thousands digit of 71280?
1
What is the tens digit of 708?
0
What is the units digit of 4457?
7
What is the hundreds digit of 695?
6
What is the ten thousands digit of 13040?
1
What is the tens digit of 3602?
0
What is the ten thousands digit of 19537?
1
What is the thousands digit of 1933?
1
What is the units digit of 6748?
8
What is the hundreds digit of 3345?
3
What is the thousands digit of 43529?
3
What is the tens digit of 37243?
4
What is the units digit of 2351?
1
What is the hundreds digit of 6020?
0
What is the units digit of 100802?
2
What is the units digit of 874?
4
What is the tens digit of 4948?
4
What is the hundreds digit of 205?
2
What is the hundreds digit of 532?
5
What is the units digit of 464?
4
What is the units digit of 9996?
6
What is the tens digit of 59570?
7
What is the hundred thousands digit of 111139?
1
What is the tens digit of 195?
9
What is the hundreds digit of 291?
2
What is the thousands digit of 2453?
2
What is the units digit of 22801?
1
What is the tens digit of 22959?
5
What is the ten thousands digit of 34792?
3
What is the tens digit of 6577?
7
What is the tens digit of 5821?
2
What is the units digit of 60314?
4
What is the hundreds digit of 21046?
0
What is the ten thousands digit of 89306?
8
What is the ten thousands digit of 127288?
2
What is the units digit of 46687?
7
What is the units digit of 9126?
6
What is the units digit of 619?
9
What is the units digit of 17439?
9
What is the hundreds digit of 10842?
8
What is the tens digit of 49?
4
What is the thousands digit of 1926?
1
What is the units digit of 1980?
0
What is the hundred thousands digit of 151565?
1
What is the hundreds digit of 2373?
3
What is the units digit of 12140?
0
What is the units digit of 9790?
0
What is the tens digit of 4757?
5
What is the tens digit of 45?
4
What is the tens digit of 26636?
3
What is the units digit of 269?
9
What is the units digit of 55?
5
What is the units digit of 4628?
8
What is the hundreds digit of 7451?
4
What is the tens digit of 22635?
3
What is the tens digit of 232?
3
What is the tens digit of 11840?
4
What is the tens digit of 2587?
8
What is the units digit of 5701?
1
What is the hundreds digit of 62168?
1
What is the units digit of 3551?
1
What is the units digit of 2450?
0
What is the thousands digit of 2084?
2
What is the units digit of 4959?
9
What is the tens digit of 15931?
3
What is the thousands digit of 2856?
2
What is the hundreds digit of 586?
5
What is the units digit of 183?
3
What is the hundred thousands digit of 115965?
1
What is the tens digit of 449?
4
What is the hundreds digit of 1373?
3
What is the thousands digit of 11000?
1
What is the tens digit of 46473?
7
What is the hundreds digit of 1846?
8
What is the tens digit of 53367?
6
What is the hundreds digit of 454?
4
What is the ten thousands digit of 91538?
9
What is the hundreds digit of 5680?
6
What is the tens digit of 574?
7
What is the ten thousands digit of 23805?
2
What is the hundreds digit of 300?
3
What is the thousands digit of 91359?
1
What is the hundreds digit of 2522?
5
What is the hundreds digit of 17535?
5
What is the units digit of 100304?
4
What is the hundreds digit of 37218?
2
What is the units digit of 1769?
9
What is the tens digit of 306?
0
What is the thousands digit of 7184?
7
What is the tens digit of 1880?
8
What is the units digit of 124196?
6
What is the units digit of 1227?
7
What 